l) composite?
False
Suppose 5*q + 4*m = 417, -5*m + 414 = 5*q - 2*m. Suppose -7*u + 2*u + 10 = 0. Suppose -u = -p + q. Is p composite?
False
Let x be (-2)/4*(0 + 0)/1. Suppose x = -0*l - 8*l + 5848. Is l prime?
False
Let p(n) = 532*n**3 - 2*n + 1. Let v(s) = -533*s**3 + s**2 + 3*s - 2. Let h(i) = -3*p(i) - 2*v(i). Is h(-1) a composite number?
True
Let c(m) = -6*m**3 - m**2 + m + 1. Let u be c(1). Is (-69)/27*u - (-10)/45 composite?
False
Let t be (-1 - 2) + 2 - -11. Suppose -3*j - t = -1. Is 1/j - 1760/(-6) a composite number?
False
Suppose -3*l - 2*l - 5075 = 0. Let b = 982 - 1204. Let d = b - l. Is d composite?
True
Suppose -569*s + 566*s + 51477 = 0. Is s a prime number?
True
Let r(t) = 268*t + 14. Let o be (0 - 15/(-10))*2. Is r(o) prime?
False
Let y be ((-50)/2)/5 + 7646. Suppose y = 9*d - 5292. Is d prime?
False
Suppose -m + 65*y + 8861 = 68*y, -4*m = 4*y - 35476. Is m composite?
True
Suppose 5*w - 13 - 7 = 0. Is ((-3730)/(-15))/(w/6) a composite number?
False
Let g(a) = -2088*a**3 - a - 1. Let t be g(1). Let y = t + 4747. Is y prime?
True
Suppose -4*p - 1636 = 2*s - 0*p, -3*p - 818 = s. Is (s/(-8))/(7/28) composite?
False
Let k(m) = m**3 - 7*m**2 + 59*m - 93. Is k(22) prime?
False
Suppose -9*a + 415463 = 8*a. Is a composite?
False
Suppose y - s + 6*s = 347, 4*s = 5*y - 1851. Let w = y - 127. Let k = 557 - w. Is k a composite number?
False
Suppose 4*t + 22 = 6. Let f(o) = 10*o**2 + 1. Is f(t) composite?
True
Let m = -47 - -50. Suppose 0 = -m*q + 9, -w + 97 = 2*q + 2*q. Is w composite?
True
Suppose -11*c + 62064 = -2*c. Suppose -9*x = -x - c. Is x composite?
True
Suppose -7*t + 1880 = -12*t. Let v = t - -641. Is v prime?
False
Suppose 41972 = -0*l + 4*l. Suppose 3 = 3*p - 0*p, 5*q = 2*p + l. Is q composite?
False
Let z = 443 - -1890. Is z composite?
False
Let c(t) = t**2 - 13*t - 14. Let w be c(14). Suppose -2*m + 5*p + 33 = -w*p, -p + 7 = 3*m. Is 1/m*-2*-130 a prime number?
False
Suppose -29*k = -102030 - 370699. Is k composite?
False
Let m(n) = n**2 - 19*n + 0*n**2 - 1 + 7*n + 0*n**2. Let t be m(9). Let h = -17 - t. Is h prime?
True
Let h = 90 - -22. Suppose -2 = -4*b + 18. Suppose 4*f - 4*v + h = 1052, -689 = -3*f - b*v. Is f prime?
True
Suppose -2*l + 3*l = 4*k - 425, -k - 4*l = -102. Let z be k*(2 + 2/(-4)). Let w = 277 - z. Is w composite?
True
Let o(d) = -191*d**2 - 4. Let k(u) = -192*u**2 - 5. Let q(w) = -2*k(w) + 3*o(w). Let m be q(2). Is 2/3 - m/6 composite?
False
Let o(h) = 31928*h - 51. Is o(1) composite?
True
Let g be 2 - (-6 - (-3)/1). Suppose 0*s = g*s - 25, -3 = 2*p - s. Is p + 29 - (11 - 12) prime?
True
Let m be (8 - 8)/(-2 - 0). Suppose 8*f + 37 - 141 = m. Is f a composite number?
False
Let i = 157 + 110. Suppose -40 = -p + i. Is p a prime number?
True
Suppose -1025190 = -11*u - 32737. Is u composite?
True
Suppose 2*w - 3439 - 3879 = -2*h, 2*h - 7318 = 3*w. Is h a prime number?
True
Let j(b) = -b**3 - 16*b**2 + 7*b - 15. Let o be j(-22). Suppose f = 6*f - o. Is f composite?
False
Let h(d) = -d**3 + 5*d**2 + 4*d + 8. Suppose -4*a = 3*f - 9, -a + 14 = 3*a + 2*f. Let o be h(a). Is ((-1)/o)/(3/564) composite?
False
Let d(j) = j**3 + j**2 - 6*j + 4. Let k be d(-3). Suppose 7*n - 1969 = -k*n. Is n composite?
False
Let q = 548 - -174. Suppose -4*x + q = -1970. Is x a composite number?
False
Suppose 29*d - 315296 = 563085. Is d a prime number?
False
Let r = 4 + 25. Let n = r + -25. Suppose 0 = -2*m - 3*g + 149, -3*m - 2*g + 191 = -n*g. Is m a composite number?
False
Let c be ((-54)/90)/(1/(-435)). Is c + 0 - (-7 + 3)/2 a composite number?
False
Let x be (1*-15)/((-7)/7). Suppose -3*a + b = -0*b - 7842, -5*b + x = 0. Is a a prime number?
False
Let b be 2 + 23 + 3 + -2. Suppose 0 = -28*a + b*a + 1842. Is a a prime number?
False
Suppose 268 = -4*x + 4*s - 4, -3*s + 269 = -4*x. Suppose -b = 2*b - 576. Let l = b + x. Is l composite?
False
Let n = 329 - -8678. Is n composite?
False
Let o(k) = -5*k**3 - 8*k**2 - 5*k - 7. Suppose -2*s - 33 = 3*g, -3*g = -5*s - 5*g - 99. Let b be 9/s - (-195)/(-35). Is o(b) prime?
False
Let x(s) = -19*s - 76. Let w be x(-8). Suppose w = v - 253. Is v prime?
False
Let s = 58 - -38. Let u(d) = d**2 + 7*d + 1. Let t be u(-6). Let g = t + s. Is g prime?
False
Suppose -1334 = -10*t - 434. Suppose 4*r - t = -30. Is r prime?
False
Let r(x) = 4*x + 2. Suppose 0 = 3*y + 3 - 0. Let t be r(y). Is (-128)/(-1) - (3 + t) a composite number?
False
Suppose -26*b + 29*b - 147 = 0. Suppose b*t = 45*t + 4172. Is t a composite number?
True
Suppose 2*g - 54980 = 4*o - 11062, 0 = 3*g - 5*o - 65878. Is g a prime number?
True
Suppose d = 2*d - 1839. Suppose -56*t = -53*t - d. Is t prime?
True
Let w = -3562 - -9159. Let t = w - 3940. Is t prime?
True
Let w(l) = -l**2 - 5*l + 2. Let h be w(-5). Suppose -2*a = -4*n + h*n + 1774, -a = -2*n + 1774. Is n prime?
True
Let b(g) = 2*g**2 - 178 + 165 + 0*g**2 - 2*g. Is b(-6) a prime number?
True
Let i(l) = 4*l - 17. Let v be i(5). Suppose -s + g + 292 + 394 = 0, -4*s - v*g + 2723 = 0. Is s prime?
True
Let k = 34409 + -20452. Is k a composite number?
True
Suppose -5*r + 13 = -4*v, -5*v = -2*r + 6*r - 35. Let j(u) = 6*u**3 + 2*u**2 - u + 2. Is j(r) a composite number?
False
Let q = -14 + 12. Let a be (-16 - (0 + -3))*q. Suppose 4*b + 297 = o - a, -2*o = -4*b - 658. Is o a composite number?
True
Suppose -238*t = -241*t - 3, 0 = -p - t + 8490. Is p a prime number?
False
Let p = 1 - 8. Let l(j) = -3*j - 8 - j**2 - 17*j + 0*j**2. Is l(p) prime?
True
Let i be 48/112 + 36/14 + 2. Suppose u + 2137 = -0*u. Is 12/(-30) - u/i a prime number?
False
Let t(n) be the second derivative of n**4/12 + 2*n**2 - 647*n. Suppose -p - 35 = 4*p. Is t(p) prime?
True
Let y be 6 - (0 - (0 - 0)). Let j(q) = 12*q + 7. Is j(y) composite?
False
Suppose 2*p = 6*p. Suppose -5*d = -p*d + 230. Let m = -23 - d. Is m composite?
False
Suppose -d + 1 + 1 = 0, -5*d = 2*y + 332. Let c = y - -320. Is c prime?
True
Let a(s) = -54*s + 9. Let y(o) = -o**2 - 11*o - 17. Let d be y(-10). Let z be a(d). Suppose 2*g = -2*k + 3*g + z, -2*k = 4*g - 362. Is k composite?
False
Suppose 0 = -4*v - 2*x + 158, 4 - 9 = -5*x. Is v prime?
False
Let s = -48 - -52. Suppose 318 = 7*o - s*o. Is o composite?
True
Suppose 0*y - 2*y = -18. Let f be (y/(-6))/(3/(-4)). Suppose 4*l + l - 243 = -2*v, -3*v + f*l = -355. Is v a composite number?
True
Let n = 30420 + -20869. Is n prime?
True
Let l(c) = c**2 - 5*c + 2. Let q be l(3). Let m be q/(-18) - (-3070)/(-45). Let a = 142 + m. Is a composite?
True
Suppose -17*q = q - 29142. Is q composite?
False
Suppose -39*h - 34854 = -42*h - 3*y, 58083 = 5*h - 2*y. Is h composite?
False
Let w(f) = -f + 1. Let u(k) = 2*k + 45. Let v(s) = u(s) - 3*w(s). Is v(17) a prime number?
True
Let v = 6512 - 4619. Suppose 30*n + v = 33*n. Is n a composite number?
False
Suppose 5*b = o + 33800, b = 6*b - 4*o - 33785. Is b prime?
True
Let b = 44 - 36. Suppose b*c - 6*c = 190. Is c a composite number?
True
Let m(j) = -j**2 - 11*j + 8. Suppose 3*c - 31 = 20. Suppose 3*k + c = -5*u, 0*u - 2*u = 2*k + 14. Is m(k) composite?
True
Let x(o) = -o**3 - 6*o**2 - 3*o + 3. Let d be x(-5). Is (-3435)/(-21) - (-4)/d a prime number?
True
Let g be (-3)/6 + 231/6. Let m = 127 - g. Is m a composite number?
False
Suppose -v = 3*d - 4775 - 3682, 2*d - 5*v = 5638. Is d prime?
True
Suppose 2*g = 4*g - 4. Let n(x) = x**3 - 3*x**2 + 4*x - 3. Let y be n(g). Is (-90 + -5)*(0 - y) a composite number?
True
Is -1 + 22/26 - 4909825/(-325) prime?
True
Let j(b) = 21*b - 7. Suppose 4*z + 139 - 379 = 0. Suppose 10 - z = -5*p. Is j(p) composite?
True
Suppose -4*g + 20820 = 4*h - 54968, 5*h = 2*g - 37894. Is g a composite number?
False
Suppose -3*o + 5*k = -4938, -7179 + 587 = -4*o + 4*k. Suppose 3*s = -10*s + o. Is s a composite number?
False
Let l(w) = -11*w - 20*w - 45*w - 6 - 13*w. Is l(-8) prime?
False
Suppose a - 43 = -37. Let x(d) = -d**3 + 7*d**2 + 9*d - 9. Let u be x(8). Is (a + u)*(-1465)/(-25) a prime number?
True
Let c be -1*((-4)/(-6) + (-58869)/(-27)). Let t = -1060 - c. Is t a composite number?
True
Suppose -14*s + 58365 = -11*s + 3*c, -58341 = -3*s + 3*c. Is s composite?
True
Let f = -5118 + 12239. Is f a prime number?
True
Suppose 2*s - 3*r - 2 = 12, s + 5*r + 6 = 0. Suppose -2*o = 7*q - 2*q - 743, s*o = 5*q - 749. Is q a prime number?
True
Suppose 3*